3*w - 2 = 2*o, 2*w = -4 - 4. Suppose 0*m - 3*m - 14 = 5*f, -3*f = -5*m - 12. Let x = o + f. List the prime factors of x.
2
Suppose -2 = 5*i + 28. Let c be i/9 - 22/(-6). Suppose -r = c*r - 72. What are the prime factors of r?
2, 3
Let s = -126 + 986. What are the prime factors of s?
2, 5, 43
Suppose 0 = -u + c + 486, -2*u + 1094 = 5*c + 129. What are the prime factors of u?
5, 97
Let d(i) = -5*i + 3. Let y be d(0). Suppose 5*v - 24 = -y*x, 2*v - 5*x - 40 = -3*v. List the prime factors of v.
2, 3
Let h(j) = 3*j**3 + j**2 - 8*j - 9. List the prime factors of h(7).
1013
Suppose 5*x - 48 - 52 = 0. What are the prime factors of 47*3*(4 - x/6)?
2, 47
Let c(k) = k**2 + 11*k + 37. Let m = -22 - -7. What are the prime factors of c(m)?
97
Let j(x) = -x**2 - 6*x + 4. Let n be j(-5). Let g(s) = 2 + 0 + n*s - 6*s + 11. List the prime factors of g(13).
2, 13
Let j = 8 + 0. Let i(n) = 1 - 4 - 5 - 6*n + n**2. List the prime factors of i(j).
2
Let c = 17 - 4. Suppose 3*k = 4*y + c, 5*k - y = -2*y - 9. What are the prime factors of (3 + k)/((-28)/(-406))?
29
Let q = 2085 + -1565. List the prime factors of q.
2, 5, 13
Suppose -2*c = -4*c + 748. Let g = c + -232. What are the prime factors of (-18)/27 - g/(-6)?
23
Let p(i) = -i**2 + i - 15. Let g(n) = n**2 - n - 1. Let b(w) = -2*g(w) - p(w). Let y be (-1 + 1)*(-5)/(-10). List the prime factors of b(y).
17
Let c = -2935 - -4517. What are the prime factors of c?
2, 7, 113
Let a(q) = 4*q**2 - q - 3*q**2 - 3*q**2 + 3*q**2. Let n(l) = 15*l**2 - 6*l - 3. Let y(t) = -5*a(t) + n(t). What are the prime factors of y(2)?
5, 7
Suppose 4*b - 574 = 3*h, -3*b + 433 = -0*b - h. Let i = b + 119. List the prime factors of i.
2, 3, 11
Let v(g) be the second derivative of -9*g**3/2 - 9*g**2/2 - g. What are the prime factors of v(-2)?
3, 5
What are the prime factors of (14 + 16)*201/6?
3, 5, 67
Let a = -11 - -10. Let g = a - 2. What are the prime factors of 42/2 - (g + 5)?
19
Let i = -9 + 10. Let u be (1 + (-16)/(-4))*i. Suppose -5*a = -u*r - 98 - 72, 5*r = 0. What are the prime factors of a?
2, 17
Let j = 474 - 154. What are the prime factors of j?
2, 5
Suppose -4 = -n + 2*c, 4*c + 8 = n + c. Let m be (3/(-3) - 0)*n. Suppose -m*x + 30 = f, -x - 2 = -3. List the prime factors of f.
2, 13
Let h = 387 - 5. List the prime factors of h.
2, 191
Let z(a) = 129*a**2 + 11*a + 68. What are the prime factors of z(-4)?
2, 3, 29
Suppose -13*s + 56874 = 16808. List the prime factors of s.
2, 23, 67
Suppose -6*z + 12 = -z + 3*u, 3*z - 11 = 2*u. Let l(w) = -w**3 - 24*w**2 + 53*w + 36. Let v be l(-26). Suppose z*p - v = p. What are the prime factors of p?
5
Let x(r) = 4*r - 28. Let f be x(28). Let c = f - 45. List the prime factors of c.
3, 13
Let y = 103 + -65. Let v be -1*(1 - 0)*(-119 + 117). Suppose 4*j = v*j + y. List the prime factors of j.
19
Let l(a) = a**2 - 1 - 22*a + 8 - 2*a**2. List the prime factors of l(-10).
127
Let r = 68 - -2673. What are the prime factors of r?
2741
Let w(t) = 3*t - 25. Let u be w(7). List the prime factors of ((-2)/4)/(u*4/5344).
167
Let z be 254/6 - (-2)/3. Suppose -2*p + 2 = -8. Suppose 4*t = o + z, o + 9 = p*t - 45. List the prime factors of t.
11
Let y(v) = 0*v - 7*v + 2 + 1 - 5*v**2 + 3*v**2. Let d be y(-6). What are the prime factors of (d/(-4))/((-3)/(-8))?
2, 3
Suppose 26*b + 33*b - 80535 = 0. What are the prime factors of b?
3, 5, 7, 13
Suppose -3*o - d = d - 1762, -2*o = -2*d - 1178. What are the prime factors of o?
2, 3, 7
Suppose -36*a + 712 = -34*a - 5*j, -4*a + 1450 = 3*j. List the prime factors of a.
19
Suppose c + 3*x = -5, 7*c - 4*x - 11 = 4*c. Let l = -2 + 5. List the prime factors of ((c - l) + 9)*5.
5, 7
Let x(d) = 4*d - 7 - 21 + d**3 - 7*d**2 - 2*d**2. List the prime factors of x(11).
2, 3, 43
Suppose 0 = 5*h + 4*v + 30, -5*h + 5*v - 5 = -20. Let n be (4 + 2)/h + -14. Let u = 35 + n. What are the prime factors of u?
2, 3
Let v = 3 - 15. Let j(y) = y**3 + 13*y**2 + 10*y + 9. What are the prime factors of j(v)?
3, 11
Let b(s) = -1. Let o(n) = n - 9. Let t(p) = 5*b(p) - o(p). Suppose 3*r = -54 + 15. List the prime factors of t(r).
17
Suppose 50*j - 53*j + 6 = 0. Suppose 2 = -h + j*h. List the prime factors of h.
2
Suppose -3*i - i = 72. List the prime factors of (-1329)/i - 6/(-36).
2, 37
Suppose -b + 3*l = -4600, -4*b = -3*l - 4873 - 13536. List the prime factors of b.
4603
Let i(b) = 27*b + 7*b**2 - 2 + b**2 + 0 - 4*b**2. List the prime factors of i(-9).
79
Let w(s) = -s**3 - 14*s**2 - 13*s + 20. Let r be w(-14). Suppose -3*v - r = -5*i - 79, -5*v + 20 = 0. What are the prime factors of i?
3
Let i(q) = -q + 5. Let w(f) = -2. Let x(z) = -2*i(z) - 2*w(z). Let m be x(7). Let g(t) = t**3 - 9*t**2 + 11*t - 6. What are the prime factors of g(m)?
2, 3
Let z(m) = 7*m**3 - m**2 - m + 1. Let f = 5 - 3. Suppose 2*l + 2*c = 6, -l + f*c + 1 = c. List the prime factors of z(l).
3, 17
Suppose 3*l - 1032 = -3*p, 13*p - 1720 = -5*l + 18*p. What are the prime factors of l?
2, 43
Suppose 26 = 4*i + 5*w - 14, 0 = 2*i + 5*w - 30. Let p(h) = 38 + 3*h - h**3 + 6*h**2 - 44 + 0*h - h. List the prime factors of p(i).
29
Let r = 1322 + -720. Suppose 7*v - r = -0*v. What are the prime factors of v?
2, 43
Suppose -3024 = 34*j - 42*j. What are the prime factors of j?
2, 3, 7
Let b be (-3)/(-1) + 37*-6. Let u = -122 - b. List the prime factors of u.
97
Let x be (-2)/6 + (-179)/3. Suppose 5*p = 41*p - 72. List the prime factors of (-3525)/x + p/8.
59
Let n = -13 + 13. Suppose n*o + 2*o = 28. Suppose -4*f = -2*a - 14, -3*f - a + o = -6*a. List the prime factors of f.
3
Let q(h) = 47*h + 9. Let a(f) = f**2 + 10*f + 11. Let b be a(-9). What are the prime factors of q(b)?
103
Suppose -f = 8*f - 6246. What are the prime factors of f?
2, 347
Suppose 0 = 5*o - 2*h + 324 - 5, -6 = -3*h. Let a = 154 + o. List the prime factors of a.
7, 13
What are the prime factors of 0 + (-2708)/(-11) + (-6)/33?
2, 3, 41
Suppose -1132 - 122 = -3*c. List the prime factors of c.
2, 11, 19
Let u be (18/(-4))/((-12)/16). Let v(o) = o**3 - 3*o**2 - 7*o - 5. What are the prime factors of v(u)?
61
Let q(a) = -14*a - 645. List the prime factors of q(-67).
293
Let p(v) = 2*v + 2. Let k be p(5). Let b = k + -37. What are the prime factors of 1/((-1)/1)*b?
5
Suppose 4*p = -4, s - 4*p - 339 = 134. List the prime factors of s.
7, 67
Let i(g) = -284*g - 13. List the prime factors of i(-3).
839
Let c = 45 - 7. Let h = c + 10. What are the prime factors of h?
2, 3
Let p = 1077 - 545. What are the prime factors of p?
2, 7, 19
Let r(s) be the second derivative of s**4/12 - 2*s**3/3 - s**2 + 2*s. What are the prime factors of r(-4)?
2, 3, 5
Let w = 2109 + -1452. List the prime factors of w.
3, 73
Suppose 22 = 2*p + 16. Let u(y) = y**2 + 4. Let c be u(0). Suppose c*f + 7*b = p*b + 48, -f + 18 = 3*b. List the prime factors of f.
3
Suppose -2*d + 15 = 3*d. Suppose 5*t - 189 = -2*t. Suppose 4*j = d*j + t. List the prime factors of j.
3
Let c = 3 - 1. Suppose c*n - 24 = 5*u, -n - 2*u + 7*u + 22 = 0. Suppose -50 = -n*t - 18. What are the prime factors of t?
2
Suppose 0 = -3*a - 12*a + 17505. What are the prime factors of a?
3, 389
Suppose -2*s = -26 + 2. List the prime factors of 128 + 15/s*4.
7, 19
Let r(o) = -21*o + 20 - 4*o - 19. Let a be (2/6)/((-1)/3). List the prime factors of r(a).
2, 13
Let u(b) = b**2 + 7*b + 3. Let i be u(-7). Let n = -1 - i. What are the prime factors of 1670/50 - n/(-10)?
3, 11
Let q(z) = -z**2 - z + 3. Let s be q(-4). Let r(x) = -x**3 - 8*x**2 + 8*x + 5. Let w be r(s). What are the prime factors of -1 - ((-1)/(-1) - w)?
2, 3
Let l = -2566 - -3020. What are the prime factors of l?
2, 227
Suppose -1525 = -4*y + 5*h, -300 = -2*y - 2*h + 476. What are the prime factors of y?
5, 7, 11
Let f(k) = 12*k**3 + 19*k**2 - k + 24. List the prime factors of f(5).
2, 997
Let a = 0 - 0. Suppose y = -3*y + 3*t - 3, 4*y = t + 7. Suppose y*o = -a + 6. List the prime factors of o.
2
Let m(z) = 9 + 0 - z + 1 + 2. Let f be m(10). Suppose 4*r = 5*r - f*t - 38, -4*t - 166 = -5*r. What are the prime factors of r?
2, 3, 5
Let y be ((-12)/27)/(-2) + (-61)/(-9). Suppose 0 = 3*v - y*v - 4*f + 208, -3*v + 2*f + 131 = 0. List the prime factors of v.
47
Suppose 4*j = 3*c + 41, -2*j = -4*c - 29 + 1. Suppose -2*o - j + 26 = 0. What are the prime factors of o?
3
List the pri